{"id":1525,"date":"2025-06-10T04:58:23","date_gmt":"2025-06-10T02:58:23","guid":{"rendered":"https:\/\/semacestudio.com\/?page_id=1525"},"modified":"2025-06-15T05:02:16","modified_gmt":"2025-06-15T03:02:16","slug":"bioanalisis","status":"publish","type":"page","link":"https:\/\/semacestudio.com\/?page_id=1525","title":{"rendered":"Bioan\u00e1lisis"},"content":{"rendered":"\t\t<div data-elementor-type=\"wp-page\" data-elementor-id=\"1525\" class=\"elementor elementor-1525\" data-elementor-post-type=\"page\">\n\t\t\t\t<div class=\"elementor-element elementor-element-275c907 e-con-full e-flex e-con e-parent\" data-id=\"275c907\" data-element_type=\"container\">\n\t\t\t\t<div class=\"elementor-element elementor-element-31bdf68 elementor-widget elementor-widget-image\" data-id=\"31bdf68\" data-element_type=\"widget\" data-widget_type=\"image.default\">\n\t\t\t\t<div class=\"elementor-widget-container\">\n\t\t\t\t\t\t\t\t\t\t\t\t\t\t\t<img fetchpriority=\"high\" decoding=\"async\" width=\"2560\" height=\"1707\" src=\"https:\/\/semacestudio.com\/wp-content\/uploads\/2025\/06\/logo_mockup_sign_corporation_building-scaled.png\" class=\"attachment-full size-full wp-image-1531\" alt=\"\" srcset=\"https:\/\/semacestudio.com\/wp-content\/uploads\/2025\/06\/logo_mockup_sign_corporation_building-scaled.png 2560w, https:\/\/semacestudio.com\/wp-content\/uploads\/2025\/06\/logo_mockup_sign_corporation_building-300x200.png 300w, https:\/\/semacestudio.com\/wp-content\/uploads\/2025\/06\/logo_mockup_sign_corporation_building-1024x683.png 1024w, https:\/\/semacestudio.com\/wp-content\/uploads\/2025\/06\/logo_mockup_sign_corporation_building-768x512.png 768w, https:\/\/semacestudio.com\/wp-content\/uploads\/2025\/06\/logo_mockup_sign_corporation_building-1536x1024.png 1536w\" sizes=\"(max-width: 2560px) 100vw, 2560px\" \/>\t\t\t\t\t\t\t\t\t\t\t\t\t\t\t<\/div>\n\t\t\t\t<\/div>\n\t\t\t\t<\/div>\n\t\t<div class=\"elementor-element elementor-element-aa3acb1 e-con-full e-flex e-con e-parent\" data-id=\"aa3acb1\" data-element_type=\"container\">\n\t\t<div class=\"elementor-element elementor-element-e748557 e-con-full e-flex e-con e-child\" data-id=\"e748557\" data-element_type=\"container\" data-settings=\"{&quot;sticky&quot;:&quot;top&quot;,&quot;sticky_on&quot;:[&quot;desktop&quot;],&quot;sticky_offset&quot;:120,&quot;sticky_parent&quot;:&quot;yes&quot;,&quot;sticky_effects_offset&quot;:0,&quot;sticky_anchor_link_offset&quot;:0}\">\n\t\t\t\t<div class=\"elementor-element elementor-element-6d9f004 elementor-widget elementor-widget-heading\" data-id=\"6d9f004\" data-element_type=\"widget\" data-widget_type=\"heading.default\">\n\t\t\t\t<div class=\"elementor-widget-container\">\n\t\t\t\t\t<h2 class=\"elementor-heading-title elementor-size-default\">Laboratorios Bioan\u00e1lisis<\/h2>\t\t\t\t<\/div>\n\t\t\t\t<\/div>\n\t\t\t\t<div class=\"elementor-element elementor-element-3d29cc9 elementor-widget elementor-widget-text-editor\" data-id=\"3d29cc9\" data-element_type=\"widget\" data-widget_type=\"text-editor.default\">\n\t\t\t\t<div class=\"elementor-widget-container\">\n\t\t\t\t\t\t\t\t\t<p>El redise\u00f1o resolvi\u00f3 un imagotipo sobrecargado y poco funcional. El proceso se centr\u00f3 en la fusi\u00f3n minimalista de la inicial \u00abb\u00bb (recurso fon\u00e9tico clave) con un microscopio estilizado, simbolizando el inicio y los m\u00e1s de 45 a\u00f1os de servicio del negocio. La nueva identidad unifica colores (rosa y morado) y tipograf\u00edas (Helv\u00e9tica), resultando en una marca limpia, adaptable y profesional que optimiza su presencia en diversos medios.<\/p>\t\t\t\t\t\t\t\t<\/div>\n\t\t\t\t<\/div>\n\t\t\t\t<\/div>\n\t\t<div class=\"elementor-element elementor-element-43ac001 e-con-full e-flex e-con e-child\" data-id=\"43ac001\" data-element_type=\"container\">\n\t\t\t\t<div class=\"elementor-element elementor-element-22c9602 elementor-widget elementor-widget-image-gallery\" data-id=\"22c9602\" data-element_type=\"widget\" data-widget_type=\"image-gallery.default\">\n\t\t\t\t<div class=\"elementor-widget-container\">\n\t\t\t\t\t\t\t<div class=\"elementor-image-gallery\">\n\t\t\t<div id='gallery-1' class='gallery galleryid-1525 gallery-columns-1 gallery-size-full'><figure class='gallery-item'>\n\t\t\t<div class='gallery-icon landscape'>\n\t\t\t\t<a data-elementor-open-lightbox=\"yes\" data-elementor-lightbox-slideshow=\"22c9602\" data-elementor-lightbox-title=\"bioanalisis-banner-App\" data-e-action-hash=\"#elementor-action%3Aaction%3Dlightbox%26settings%3DeyJpZCI6MTU0MSwidXJsIjoiaHR0cHM6XC9cL3NlbWFjZXN0dWRpby5jb21cL3dwLWNvbnRlbnRcL3VwbG9hZHNcLzIwMjVcLzA2XC9iaW9hbmFsaXNpcy1iYW5uZXItQXBwLmpwZyIsInNsaWRlc2hvdyI6IjIyYzk2MDIifQ%3D%3D\" href='https:\/\/semacestudio.com\/wp-content\/uploads\/2025\/06\/bioanalisis-banner-App.jpg'><img decoding=\"async\" width=\"1200\" height=\"628\" src=\"https:\/\/semacestudio.com\/wp-content\/uploads\/2025\/06\/bioanalisis-banner-App.jpg\" class=\"attachment-full size-full\" alt=\"\" srcset=\"https:\/\/semacestudio.com\/wp-content\/uploads\/2025\/06\/bioanalisis-banner-App.jpg 1200w, https:\/\/semacestudio.com\/wp-content\/uploads\/2025\/06\/bioanalisis-banner-App-300x157.jpg 300w, https:\/\/semacestudio.com\/wp-content\/uploads\/2025\/06\/bioanalisis-banner-App-1024x536.jpg 1024w, https:\/\/semacestudio.com\/wp-content\/uploads\/2025\/06\/bioanalisis-banner-App-768x402.jpg 768w\" sizes=\"(max-width: 1200px) 100vw, 1200px\" \/><\/a>\n\t\t\t<\/div><\/figure><figure class='gallery-item'>\n\t\t\t<div class='gallery-icon portrait'>\n\t\t\t\t<a data-elementor-open-lightbox=\"yes\" data-elementor-lightbox-slideshow=\"22c9602\" data-elementor-lightbox-title=\"ascensor\" data-e-action-hash=\"#elementor-action%3Aaction%3Dlightbox%26settings%3DeyJpZCI6MTUzOCwidXJsIjoiaHR0cHM6XC9cL3NlbWFjZXN0dWRpby5jb21cL3dwLWNvbnRlbnRcL3VwbG9hZHNcLzIwMjVcLzA2XC9hc2NlbnNvci5qcGciLCJzbGlkZXNob3ciOiIyMmM5NjAyIn0%3D\" href='https:\/\/semacestudio.com\/wp-content\/uploads\/2025\/06\/ascensor.jpg'><img decoding=\"async\" width=\"985\" height=\"1118\" src=\"https:\/\/semacestudio.com\/wp-content\/uploads\/2025\/06\/ascensor.jpg\" class=\"attachment-full size-full\" alt=\"\" srcset=\"https:\/\/semacestudio.com\/wp-content\/uploads\/2025\/06\/ascensor.jpg 985w, https:\/\/semacestudio.com\/wp-content\/uploads\/2025\/06\/ascensor-264x300.jpg 264w, https:\/\/semacestudio.com\/wp-content\/uploads\/2025\/06\/ascensor-902x1024.jpg 902w, https:\/\/semacestudio.com\/wp-content\/uploads\/2025\/06\/ascensor-768x872.jpg 768w\" sizes=\"(max-width: 985px) 100vw, 985px\" \/><\/a>\n\t\t\t<\/div><\/figure><figure class='gallery-item'>\n\t\t\t<div class='gallery-icon landscape'>\n\t\t\t\t<a data-elementor-open-lightbox=\"yes\" data-elementor-lightbox-slideshow=\"22c9602\" data-elementor-lightbox-title=\"Tarjetas de Presentaci\u00f3n Mockup\" data-e-action-hash=\"#elementor-action%3Aaction%3Dlightbox%26settings%3DeyJpZCI6MTUzOSwidXJsIjoiaHR0cHM6XC9cL3NlbWFjZXN0dWRpby5jb21cL3dwLWNvbnRlbnRcL3VwbG9hZHNcLzIwMjVcLzA2XC9UYXJqZXRhcy1kZS1QcmVzZW50YWNpb24tTW9ja3VwLXNjYWxlZC5qcGciLCJzbGlkZXNob3ciOiIyMmM5NjAyIn0%3D\" href='https:\/\/semacestudio.com\/wp-content\/uploads\/2025\/06\/Tarjetas-de-Presentacion-Mockup-scaled.jpg'><img loading=\"lazy\" decoding=\"async\" width=\"2560\" height=\"1707\" src=\"https:\/\/semacestudio.com\/wp-content\/uploads\/2025\/06\/Tarjetas-de-Presentacion-Mockup-scaled.jpg\" class=\"attachment-full size-full\" alt=\"\" srcset=\"https:\/\/semacestudio.com\/wp-content\/uploads\/2025\/06\/Tarjetas-de-Presentacion-Mockup-scaled.jpg 2560w, https:\/\/semacestudio.com\/wp-content\/uploads\/2025\/06\/Tarjetas-de-Presentacion-Mockup-300x200.jpg 300w, https:\/\/semacestudio.com\/wp-content\/uploads\/2025\/06\/Tarjetas-de-Presentacion-Mockup-1024x683.jpg 1024w, https:\/\/semacestudio.com\/wp-content\/uploads\/2025\/06\/Tarjetas-de-Presentacion-Mockup-768x512.jpg 768w, https:\/\/semacestudio.com\/wp-content\/uploads\/2025\/06\/Tarjetas-de-Presentacion-Mockup-1536x1024.jpg 1536w, https:\/\/semacestudio.com\/wp-content\/uploads\/2025\/06\/Tarjetas-de-Presentacion-Mockup-2048x1365.jpg 2048w\" sizes=\"(max-width: 2560px) 100vw, 2560px\" \/><\/a>\n\t\t\t<\/div><\/figure><figure class='gallery-item'>\n\t\t\t<div class='gallery-icon portrait'>\n\t\t\t\t<a data-elementor-open-lightbox=\"yes\" data-elementor-lightbox-slideshow=\"22c9602\" data-elementor-lightbox-title=\"WhatsApp Image 2023-03-15 at 16.05.19\" data-e-action-hash=\"#elementor-action%3Aaction%3Dlightbox%26settings%3DeyJpZCI6MTUzNywidXJsIjoiaHR0cHM6XC9cL3NlbWFjZXN0dWRpby5jb21cL3dwLWNvbnRlbnRcL3VwbG9hZHNcLzIwMjVcLzA2XC9XaGF0c0FwcC1JbWFnZS0yMDIzLTAzLTE1LWF0LTE2LjA1LjE5LnBuZyIsInNsaWRlc2hvdyI6IjIyYzk2MDIifQ%3D%3D\" href='https:\/\/semacestudio.com\/wp-content\/uploads\/2025\/06\/WhatsApp-Image-2023-03-15-at-16.05.19.png'><img loading=\"lazy\" decoding=\"async\" width=\"900\" height=\"1600\" src=\"https:\/\/semacestudio.com\/wp-content\/uploads\/2025\/06\/WhatsApp-Image-2023-03-15-at-16.05.19.png\" class=\"attachment-full size-full\" alt=\"\" srcset=\"https:\/\/semacestudio.com\/wp-content\/uploads\/2025\/06\/WhatsApp-Image-2023-03-15-at-16.05.19.png 900w, https:\/\/semacestudio.com\/wp-content\/uploads\/2025\/06\/WhatsApp-Image-2023-03-15-at-16.05.19-169x300.png 169w, https:\/\/semacestudio.com\/wp-content\/uploads\/2025\/06\/WhatsApp-Image-2023-03-15-at-16.05.19-576x1024.png 576w, https:\/\/semacestudio.com\/wp-content\/uploads\/2025\/06\/WhatsApp-Image-2023-03-15-at-16.05.19-768x1365.png 768w, https:\/\/semacestudio.com\/wp-content\/uploads\/2025\/06\/WhatsApp-Image-2023-03-15-at-16.05.19-864x1536.png 864w\" sizes=\"(max-width: 900px) 100vw, 900px\" \/><\/a>\n\t\t\t<\/div><\/figure><figure class='gallery-item'>\n\t\t\t<div class='gallery-icon landscape'>\n\t\t\t\t<a data-elementor-open-lightbox=\"yes\" data-elementor-lightbox-slideshow=\"22c9602\" data-elementor-lightbox-title=\"Carpeta 1\" data-e-action-hash=\"#elementor-action%3Aaction%3Dlightbox%26settings%3DeyJpZCI6MTUzNCwidXJsIjoiaHR0cHM6XC9cL3NlbWFjZXN0dWRpby5jb21cL3dwLWNvbnRlbnRcL3VwbG9hZHNcLzIwMjVcLzA2XC9DYXJwZXRhLTEucG5nIiwic2xpZGVzaG93IjoiMjJjOTYwMiJ9\" href='https:\/\/semacestudio.com\/wp-content\/uploads\/2025\/06\/Carpeta-1.png'><img loading=\"lazy\" decoding=\"async\" width=\"2100\" height=\"1470\" src=\"https:\/\/semacestudio.com\/wp-content\/uploads\/2025\/06\/Carpeta-1.png\" class=\"attachment-full size-full\" alt=\"\" srcset=\"https:\/\/semacestudio.com\/wp-content\/uploads\/2025\/06\/Carpeta-1.png 2100w, https:\/\/semacestudio.com\/wp-content\/uploads\/2025\/06\/Carpeta-1-300x210.png 300w, https:\/\/semacestudio.com\/wp-content\/uploads\/2025\/06\/Carpeta-1-1024x717.png 1024w, https:\/\/semacestudio.com\/wp-content\/uploads\/2025\/06\/Carpeta-1-768x538.png 768w, https:\/\/semacestudio.com\/wp-content\/uploads\/2025\/06\/Carpeta-1-1536x1075.png 1536w, https:\/\/semacestudio.com\/wp-content\/uploads\/2025\/06\/Carpeta-1-2048x1434.png 2048w\" sizes=\"(max-width: 2100px) 100vw, 2100px\" \/><\/a>\n\t\t\t<\/div><\/figure><figure class='gallery-item'>\n\t\t\t<div class='gallery-icon landscape'>\n\t\t\t\t<a data-elementor-open-lightbox=\"yes\" data-elementor-lightbox-slideshow=\"22c9602\" data-elementor-lightbox-title=\"bioanalisis-muestras_a_domicilio\" data-e-action-hash=\"#elementor-action%3Aaction%3Dlightbox%26settings%3DeyJpZCI6MTU0MCwidXJsIjoiaHR0cHM6XC9cL3NlbWFjZXN0dWRpby5jb21cL3dwLWNvbnRlbnRcL3VwbG9hZHNcLzIwMjVcLzA2XC9iaW9hbmFsaXNpcy1tdWVzdHJhc19hX2RvbWljaWxpby5qcGciLCJzbGlkZXNob3ciOiIyMmM5NjAyIn0%3D\" href='https:\/\/semacestudio.com\/wp-content\/uploads\/2025\/06\/bioanalisis-muestras_a_domicilio.jpg'><img loading=\"lazy\" decoding=\"async\" width=\"1281\" height=\"801\" src=\"https:\/\/semacestudio.com\/wp-content\/uploads\/2025\/06\/bioanalisis-muestras_a_domicilio.jpg\" class=\"attachment-full size-full\" alt=\"\" srcset=\"https:\/\/semacestudio.com\/wp-content\/uploads\/2025\/06\/bioanalisis-muestras_a_domicilio.jpg 1281w, https:\/\/semacestudio.com\/wp-content\/uploads\/2025\/06\/bioanalisis-muestras_a_domicilio-300x188.jpg 300w, https:\/\/semacestudio.com\/wp-content\/uploads\/2025\/06\/bioanalisis-muestras_a_domicilio-1024x640.jpg 1024w, https:\/\/semacestudio.com\/wp-content\/uploads\/2025\/06\/bioanalisis-muestras_a_domicilio-768x480.jpg 768w\" sizes=\"(max-width: 1281px) 100vw, 1281px\" \/><\/a>\n\t\t\t<\/div><\/figure><figure class='gallery-item'>\n\t\t\t<div class='gallery-icon landscape'>\n\t\t\t\t<a data-elementor-open-lightbox=\"yes\" data-elementor-lightbox-slideshow=\"22c9602\" data-elementor-lightbox-title=\"mockup_Bio_backing-popup\" data-e-action-hash=\"#elementor-action%3Aaction%3Dlightbox%26settings%3DeyJpZCI6MTUzMiwidXJsIjoiaHR0cHM6XC9cL3NlbWFjZXN0dWRpby5jb21cL3dwLWNvbnRlbnRcL3VwbG9hZHNcLzIwMjVcLzA2XC9tb2NrdXBfQmlvX2JhY2tpbmctcG9wdXAucG5nIiwic2xpZGVzaG93IjoiMjJjOTYwMiJ9\" href='https:\/\/semacestudio.com\/wp-content\/uploads\/2025\/06\/mockup_Bio_backing-popup.png'><img loading=\"lazy\" decoding=\"async\" width=\"1816\" height=\"1458\" src=\"https:\/\/semacestudio.com\/wp-content\/uploads\/2025\/06\/mockup_Bio_backing-popup.png\" class=\"attachment-full size-full\" alt=\"\" srcset=\"https:\/\/semacestudio.com\/wp-content\/uploads\/2025\/06\/mockup_Bio_backing-popup.png 1816w, https:\/\/semacestudio.com\/wp-content\/uploads\/2025\/06\/mockup_Bio_backing-popup-300x241.png 300w, https:\/\/semacestudio.com\/wp-content\/uploads\/2025\/06\/mockup_Bio_backing-popup-1024x822.png 1024w, https:\/\/semacestudio.com\/wp-content\/uploads\/2025\/06\/mockup_Bio_backing-popup-768x617.png 768w, https:\/\/semacestudio.com\/wp-content\/uploads\/2025\/06\/mockup_Bio_backing-popup-1536x1233.png 1536w\" sizes=\"(max-width: 1816px) 100vw, 1816px\" \/><\/a>\n\t\t\t<\/div><\/figure><figure class='gallery-item'>\n\t\t\t<div class='gallery-icon '>\n\t\t\t\t<a data-elementor-open-lightbox=\"yes\" data-elementor-lightbox-slideshow=\"22c9602\" data-elementor-lightbox-title=\"ORSEPM1\" data-e-action-hash=\"#elementor-action%3Aaction%3Dlightbox%26settings%3DeyJpZCI6MTUzNiwidXJsIjoiaHR0cHM6XC9cL3NlbWFjZXN0dWRpby5jb21cL3dwLWNvbnRlbnRcL3VwbG9hZHNcLzIwMjVcLzA2XC9PUlNFUE0xLnBuZyIsInNsaWRlc2hvdyI6IjIyYzk2MDIifQ%3D%3D\" href='https:\/\/semacestudio.com\/wp-content\/uploads\/2025\/06\/ORSEPM1.png'><img decoding=\"async\" src=\"https:\/\/semacestudio.com\/wp-content\/uploads\/2025\/06\/ORSEPM1.png\" class=\"attachment-full size-full\" alt=\"\" \/><\/a>\n\t\t\t<\/div><\/figure><figure class='gallery-item'>\n\t\t\t<div class='gallery-icon landscape'>\n\t\t\t\t<a data-elementor-open-lightbox=\"yes\" data-elementor-lightbox-slideshow=\"22c9602\" data-elementor-lightbox-title=\"double-sided-poster-metal-desktop-display-mockup-right-view\" data-e-action-hash=\"#elementor-action%3Aaction%3Dlightbox%26settings%3DeyJpZCI6MTUzNSwidXJsIjoiaHR0cHM6XC9cL3NlbWFjZXN0dWRpby5jb21cL3dwLWNvbnRlbnRcL3VwbG9hZHNcLzIwMjVcLzA2XC9kb3VibGUtc2lkZWQtcG9zdGVyLW1ldGFsLWRlc2t0b3AtZGlzcGxheS1tb2NrdXAtcmlnaHQtdmlldy1zY2FsZWQucG5nIiwic2xpZGVzaG93IjoiMjJjOTYwMiJ9\" href='https:\/\/semacestudio.com\/wp-content\/uploads\/2025\/06\/double-sided-poster-metal-desktop-display-mockup-right-view-scaled.png'><img loading=\"lazy\" decoding=\"async\" width=\"2560\" height=\"1706\" src=\"https:\/\/semacestudio.com\/wp-content\/uploads\/2025\/06\/double-sided-poster-metal-desktop-display-mockup-right-view-scaled.png\" class=\"attachment-full size-full\" alt=\"\" srcset=\"https:\/\/semacestudio.com\/wp-content\/uploads\/2025\/06\/double-sided-poster-metal-desktop-display-mockup-right-view-scaled.png 2560w, https:\/\/semacestudio.com\/wp-content\/uploads\/2025\/06\/double-sided-poster-metal-desktop-display-mockup-right-view-300x200.png 300w, https:\/\/semacestudio.com\/wp-content\/uploads\/2025\/06\/double-sided-poster-metal-desktop-display-mockup-right-view-1024x683.png 1024w, https:\/\/semacestudio.com\/wp-content\/uploads\/2025\/06\/double-sided-poster-metal-desktop-display-mockup-right-view-768x512.png 768w, https:\/\/semacestudio.com\/wp-content\/uploads\/2025\/06\/double-sided-poster-metal-desktop-display-mockup-right-view-1536x1024.png 1536w, https:\/\/semacestudio.com\/wp-content\/uploads\/2025\/06\/double-sided-poster-metal-desktop-display-mockup-right-view-2048x1365.png 2048w\" sizes=\"(max-width: 2560px) 100vw, 2560px\" \/><\/a>\n\t\t\t<\/div><\/figure><figure class='gallery-item'>\n\t\t\t<div class='gallery-icon '>\n\t\t\t\t<a data-elementor-open-lightbox=\"yes\" data-elementor-lightbox-slideshow=\"22c9602\" data-elementor-lightbox-title=\"102\" data-e-action-hash=\"#elementor-action%3Aaction%3Dlightbox%26settings%3DeyJpZCI6MTUzMywidXJsIjoiaHR0cHM6XC9cL3NlbWFjZXN0dWRpby5jb21cL3dwLWNvbnRlbnRcL3VwbG9hZHNcLzIwMjVcLzA2XC8xMDIucG5nIiwic2xpZGVzaG93IjoiMjJjOTYwMiJ9\" href='https:\/\/semacestudio.com\/wp-content\/uploads\/2025\/06\/102.png'><img decoding=\"async\" src=\"https:\/\/semacestudio.com\/wp-content\/uploads\/2025\/06\/102.png\" class=\"attachment-full size-full\" alt=\"\" \/><\/a>\n\t\t\t<\/div><\/figure><figure class='gallery-item'>\n\t\t\t<div class='gallery-icon landscape'>\n\t\t\t\t<a data-elementor-open-lightbox=\"yes\" data-elementor-lightbox-slideshow=\"22c9602\" data-elementor-lightbox-title=\"5623505\" data-e-action-hash=\"#elementor-action%3Aaction%3Dlightbox%26settings%3DeyJpZCI6MTUyOSwidXJsIjoiaHR0cHM6XC9cL3NlbWFjZXN0dWRpby5jb21cL3dwLWNvbnRlbnRcL3VwbG9hZHNcLzIwMjVcLzA2XC81NjIzNTA1LXNjYWxlZC5wbmciLCJzbGlkZXNob3ciOiIyMmM5NjAyIn0%3D\" href='https:\/\/semacestudio.com\/wp-content\/uploads\/2025\/06\/5623505-scaled.png'><img loading=\"lazy\" decoding=\"async\" width=\"2560\" height=\"1707\" src=\"https:\/\/semacestudio.com\/wp-content\/uploads\/2025\/06\/5623505-scaled.png\" class=\"attachment-full size-full\" alt=\"\" srcset=\"https:\/\/semacestudio.com\/wp-content\/uploads\/2025\/06\/5623505-scaled.png 2560w, https:\/\/semacestudio.com\/wp-content\/uploads\/2025\/06\/5623505-300x200.png 300w, https:\/\/semacestudio.com\/wp-content\/uploads\/2025\/06\/5623505-1024x683.png 1024w, https:\/\/semacestudio.com\/wp-content\/uploads\/2025\/06\/5623505-768x512.png 768w, https:\/\/semacestudio.com\/wp-content\/uploads\/2025\/06\/5623505-1536x1024.png 1536w, https:\/\/semacestudio.com\/wp-content\/uploads\/2025\/06\/5623505-2048x1366.png 2048w\" sizes=\"(max-width: 2560px) 100vw, 2560px\" \/><\/a>\n\t\t\t<\/div><\/figure><figure class='gallery-item'>\n\t\t\t<div class='gallery-icon landscape'>\n\t\t\t\t<a data-elementor-open-lightbox=\"yes\" data-elementor-lightbox-slideshow=\"22c9602\" data-elementor-lightbox-title=\"cerrar-mano-usando-guante-proteccion\" data-e-action-hash=\"#elementor-action%3Aaction%3Dlightbox%26settings%3DeyJpZCI6MTUzMCwidXJsIjoiaHR0cHM6XC9cL3NlbWFjZXN0dWRpby5jb21cL3dwLWNvbnRlbnRcL3VwbG9hZHNcLzIwMjVcLzA2XC9jZXJyYXItbWFuby11c2FuZG8tZ3VhbnRlLXByb3RlY2Npb24tc2NhbGVkLmpwZyIsInNsaWRlc2hvdyI6IjIyYzk2MDIifQ%3D%3D\" href='https:\/\/semacestudio.com\/wp-content\/uploads\/2025\/06\/cerrar-mano-usando-guante-proteccion-scaled.jpg'><img loading=\"lazy\" decoding=\"async\" width=\"2560\" height=\"1707\" src=\"https:\/\/semacestudio.com\/wp-content\/uploads\/2025\/06\/cerrar-mano-usando-guante-proteccion-scaled.jpg\" class=\"attachment-full size-full\" alt=\"\" srcset=\"https:\/\/semacestudio.com\/wp-content\/uploads\/2025\/06\/cerrar-mano-usando-guante-proteccion-scaled.jpg 2560w, https:\/\/semacestudio.com\/wp-content\/uploads\/2025\/06\/cerrar-mano-usando-guante-proteccion-300x200.jpg 300w, https:\/\/semacestudio.com\/wp-content\/uploads\/2025\/06\/cerrar-mano-usando-guante-proteccion-1024x683.jpg 1024w, https:\/\/semacestudio.com\/wp-content\/uploads\/2025\/06\/cerrar-mano-usando-guante-proteccion-768x512.jpg 768w, https:\/\/semacestudio.com\/wp-content\/uploads\/2025\/06\/cerrar-mano-usando-guante-proteccion-1536x1024.jpg 1536w, https:\/\/semacestudio.com\/wp-content\/uploads\/2025\/06\/cerrar-mano-usando-guante-proteccion-2048x1365.jpg 2048w\" sizes=\"(max-width: 2560px) 100vw, 2560px\" \/><\/a>\n\t\t\t<\/div><\/figure><figure class='gallery-item'>\n\t\t\t<div class='gallery-icon landscape'>\n\t\t\t\t<a data-elementor-open-lightbox=\"yes\" data-elementor-lightbox-slideshow=\"22c9602\" data-elementor-lightbox-title=\"183\" data-e-action-hash=\"#elementor-action%3Aaction%3Dlightbox%26settings%3DeyJpZCI6MTUyNywidXJsIjoiaHR0cHM6XC9cL3NlbWFjZXN0dWRpby5jb21cL3dwLWNvbnRlbnRcL3VwbG9hZHNcLzIwMjVcLzA2XC8xODMtc2NhbGVkLnBuZyIsInNsaWRlc2hvdyI6IjIyYzk2MDIifQ%3D%3D\" href='https:\/\/semacestudio.com\/wp-content\/uploads\/2025\/06\/183-scaled.png'><img loading=\"lazy\" decoding=\"async\" width=\"2560\" height=\"1707\" src=\"https:\/\/semacestudio.com\/wp-content\/uploads\/2025\/06\/183-scaled.png\" class=\"attachment-full size-full\" alt=\"\" srcset=\"https:\/\/semacestudio.com\/wp-content\/uploads\/2025\/06\/183-scaled.png 2560w, https:\/\/semacestudio.com\/wp-content\/uploads\/2025\/06\/183-300x200.png 300w, https:\/\/semacestudio.com\/wp-content\/uploads\/2025\/06\/183-1024x683.png 1024w, https:\/\/semacestudio.com\/wp-content\/uploads\/2025\/06\/183-768x512.png 768w, https:\/\/semacestudio.com\/wp-content\/uploads\/2025\/06\/183-1536x1024.png 1536w, https:\/\/semacestudio.com\/wp-content\/uploads\/2025\/06\/183-2048x1365.png 2048w\" sizes=\"(max-width: 2560px) 100vw, 2560px\" \/><\/a>\n\t\t\t<\/div><\/figure><figure class='gallery-item'>\n\t\t\t<div class='gallery-icon landscape'>\n\t\t\t\t<a data-elementor-open-lightbox=\"yes\" data-elementor-lightbox-slideshow=\"22c9602\" data-elementor-lightbox-title=\"237\" data-e-action-hash=\"#elementor-action%3Aaction%3Dlightbox%26settings%3DeyJpZCI6MTUyOCwidXJsIjoiaHR0cHM6XC9cL3NlbWFjZXN0dWRpby5jb21cL3dwLWNvbnRlbnRcL3VwbG9hZHNcLzIwMjVcLzA2XC8yMzctc2NhbGVkLnBuZyIsInNsaWRlc2hvdyI6IjIyYzk2MDIifQ%3D%3D\" href='https:\/\/semacestudio.com\/wp-content\/uploads\/2025\/06\/237-scaled.png'><img loading=\"lazy\" decoding=\"async\" width=\"2560\" height=\"1707\" src=\"https:\/\/semacestudio.com\/wp-content\/uploads\/2025\/06\/237-scaled.png\" class=\"attachment-full size-full\" alt=\"\" srcset=\"https:\/\/semacestudio.com\/wp-content\/uploads\/2025\/06\/237-scaled.png 2560w, https:\/\/semacestudio.com\/wp-content\/uploads\/2025\/06\/237-300x200.png 300w, https:\/\/semacestudio.com\/wp-content\/uploads\/2025\/06\/237-1024x683.png 1024w, https:\/\/semacestudio.com\/wp-content\/uploads\/2025\/06\/237-768x512.png 768w, https:\/\/semacestudio.com\/wp-content\/uploads\/2025\/06\/237-1536x1024.png 1536w, https:\/\/semacestudio.com\/wp-content\/uploads\/2025\/06\/237-2048x1365.png 2048w\" sizes=\"(max-width: 2560px) 100vw, 2560px\" \/><\/a>\n\t\t\t<\/div><\/figure><figure class='gallery-item'>\n\t\t\t<div class='gallery-icon landscape'>\n\t\t\t\t<a data-elementor-open-lightbox=\"yes\" data-elementor-lightbox-slideshow=\"22c9602\" data-elementor-lightbox-title=\"13_Flyer_Mockup\" data-e-action-hash=\"#elementor-action%3Aaction%3Dlightbox%26settings%3DeyJpZCI6MTUyNiwidXJsIjoiaHR0cHM6XC9cL3NlbWFjZXN0dWRpby5jb21cL3dwLWNvbnRlbnRcL3VwbG9hZHNcLzIwMjVcLzA2XC8xM19GbHllcl9Nb2NrdXAtc2NhbGVkLnBuZyIsInNsaWRlc2hvdyI6IjIyYzk2MDIifQ%3D%3D\" href='https:\/\/semacestudio.com\/wp-content\/uploads\/2025\/06\/13_Flyer_Mockup-scaled.png'><img loading=\"lazy\" decoding=\"async\" width=\"2560\" height=\"1707\" src=\"https:\/\/semacestudio.com\/wp-content\/uploads\/2025\/06\/13_Flyer_Mockup-scaled.png\" class=\"attachment-full size-full\" alt=\"\" srcset=\"https:\/\/semacestudio.com\/wp-content\/uploads\/2025\/06\/13_Flyer_Mockup-scaled.png 2560w, https:\/\/semacestudio.com\/wp-content\/uploads\/2025\/06\/13_Flyer_Mockup-300x200.png 300w, https:\/\/semacestudio.com\/wp-content\/uploads\/2025\/06\/13_Flyer_Mockup-1024x683.png 1024w, https:\/\/semacestudio.com\/wp-content\/uploads\/2025\/06\/13_Flyer_Mockup-768x512.png 768w\" sizes=\"(max-width: 2560px) 100vw, 2560px\" \/><\/a>\n\t\t\t<\/div><\/figure>\n\t\t<\/div>\n\t\t<\/div>\n\t\t\t\t\t\t<\/div>\n\t\t\t\t<\/div>\n\t\t\t\t<div class=\"elementor-element elementor-element-76fd888 elementor-widget elementor-widget-video\" data-id=\"76fd888\" data-element_type=\"widget\" data-settings=\"{&quot;video_type&quot;:&quot;hosted&quot;,&quot;autoplay&quot;:&quot;yes&quot;,&quot;loop&quot;:&quot;yes&quot;,&quot;controls&quot;:&quot;yes&quot;}\" data-widget_type=\"video.default\">\n\t\t\t\t<div class=\"elementor-widget-container\">\n\t\t\t\t\t\t\t<div class=\"e-hosted-video elementor-wrapper elementor-open-inline\">\n\t\t\t\t\t<video class=\"elementor-video\" src=\"https:\/\/semacestudio.com\/wp-content\/uploads\/2025\/06\/Video-Guia-App-2025.mp4\" autoplay=\"\" loop=\"\" controls=\"\" controlsList=\"nodownload\"><\/video>\n\t\t\t\t<\/div>\n\t\t\t\t\t\t<\/div>\n\t\t\t\t<\/div>\n\t\t\t\t<\/div>\n\t\t\t\t<\/div>\n\t\t\t\t<\/div>\n\t\t","protected":false},"excerpt":{"rendered":"<p>Laboratorios Bioan\u00e1lisis El redise\u00f1o resolvi\u00f3 un imagotipo sobrecargado y poco funcional. El proceso se centr\u00f3 en la fusi\u00f3n minimalista de la inicial \u00abb\u00bb (recurso fon\u00e9tico clave) con un microscopio estilizado, simbolizando el inicio y los m\u00e1s de 45 a\u00f1os de servicio del negocio. La nueva identidad unifica colores (rosa y morado) y tipograf\u00edas (Helv\u00e9tica), resultando [&hellip;]<\/p>\n","protected":false},"author":1,"featured_media":1527,"parent":835,"menu_order":0,"comment_status":"closed","ping_status":"closed","template":"elementor_header_footer","meta":{"footnotes":""},"class_list":["post-1525","page","type-page","status-publish","has-post-thumbnail","hentry"],"blocksy_meta":[],"_links":{"self":[{"href":"https:\/\/semacestudio.com\/index.php?rest_route=\/wp\/v2\/pages\/1525","targetHints":{"allow":["GET"]}}],"collection":[{"href":"https:\/\/semacestudio.com\/index.php?rest_route=\/wp\/v2\/pages"}],"about":[{"href":"https:\/\/semacestudio.com\/index.php?rest_route=\/wp\/v2\/types\/page"}],"author":[{"embeddable":true,"href":"https:\/\/semacestudio.com\/index.php?rest_route=\/wp\/v2\/users\/1"}],"replies":[{"embeddable":true,"href":"https:\/\/semacestudio.com\/index.php?rest_route=%2Fwp%2Fv2%2Fcomments&post=1525"}],"version-history":[{"count":9,"href":"https:\/\/semacestudio.com\/index.php?rest_route=\/wp\/v2\/pages\/1525\/revisions"}],"predecessor-version":[{"id":1720,"href":"https:\/\/semacestudio.com\/index.php?rest_route=\/wp\/v2\/pages\/1525\/revisions\/1720"}],"up":[{"embeddable":true,"href":"https:\/\/semacestudio.com\/index.php?rest_route=\/wp\/v2\/pages\/835"}],"wp:featuredmedia":[{"embeddable":true,"href":"https:\/\/semacestudio.com\/index.php?rest_route=\/wp\/v2\/media\/1527"}],"wp:attachment":[{"href":"https:\/\/semacestudio.com\/index.php?rest_route=%2Fwp%2Fv2%2Fmedia&parent=1525"}],"curies":[{"name":"wp","href":"https:\/\/api.w.org\/{rel}","templated":true}]}}